2283 prime?
True
Is 299138237 a prime number?
True
Is 170986645 composite?
True
Is 27860407 composite?
False
Is 4226699 composite?
True
Is 50416319 a composite number?
True
Is 30928759 a prime number?
False
Is 22988611 prime?
False
Is 44202359 a composite number?
False
Is 1391395 a composite number?
True
Is 342643063 a composite number?
True
Is 1078099 composite?
True
Is 532711 composite?
True
Is 112817581 a prime number?
True
Is 3710414 a prime number?
False
Is 11278669 prime?
False
Is 14654429 prime?
True
Is 2716063 composite?
True
Is 10857703 a composite number?
False
Is 376537181 a composite number?
False
Is 24940133 a prime number?
False
Is 35878189 a composite number?
True
Is 22782169 a prime number?
False
Is 28812023 a prime number?
True
Is 12625213 a composite number?
True
Is 222834973 a composite number?
False
Is 3043643 a composite number?
False
Is 64253087 a composite number?
True
Is 8697433 a composite number?
False
Is 30238631 composite?
True
Is 8762339 prime?
False
Is 34770245 composite?
True
Is 84162139 composite?
False
Is 26222671 a prime number?
True
Is 1411105 composite?
True
Is 363127691 a prime number?
False
Is 536902543 a composite number?
True
Is 8075609 prime?
False
Is 24709961 a composite number?
True
Is 11368993 prime?
True
Is 80604127 prime?
False
Is 347525302 composite?
True
Is 29812087 composite?
True
Is 470314743 a prime number?
False
Is 6623119 composite?
True
Is 10959873 composite?
True
Is 47101027 prime?
True
Is 3727903 prime?
True
Is 29768933 a composite number?
False
Is 26370985 a prime number?
False
Is 1580539 composite?
True
Is 751367 a prime number?
True
Is 9101977 composite?
False
Is 1561741 composite?
False
Is 67537997 prime?
False
Is 53241599 a composite number?
False
Is 13841869 a composite number?
False
Is 25749029 a prime number?
False
Is 6794089 prime?
True
Is 7711773 prime?
False
Is 352043 a composite number?
False
Is 27518287 composite?
True
Is 7006091 prime?
False
Is 1098817 a prime number?
False
Is 1163738795 a composite number?
True
Is 1474357 a composite number?
False
Is 93827 a composite number?
False
Is 21540817 a composite number?
False
Is 12864817 prime?
False
Is 19308973 a composite number?
True
Is 10756387 composite?
True
Is 145715786 prime?
False
Is 179847481 composite?
True
Is 64671913 a composite number?
False
Is 28559 composite?
False
Is 6054473 composite?
True
Is 2176087 composite?
False
Is 8955038 composite?
True
Is 401731339 composite?
True
Is 7961249 prime?
False
Is 5885981 composite?
False
Is 100453471 a composite number?
False
Is 6831731 a prime number?
False
Is 7845497 a prime number?
False
Is 18413389 a composite number?
False
Is 495272047 a prime number?
False
Is 11485543 a prime number?
True
Is 346815127 composite?
True
Is 1898623 composite?
True
Is 295322603 a composite number?
False
Is 128225437 a composite number?
True
Is 31326331 composite?
False
Is 15717307 a composite number?
True
Is 8843059 composite?
False
Is 5472751 composite?
True
Is 1103437 composite?
False
Is 4898549 prime?
True
Is 12506147 a prime number?
True
Is 473279585 prime?
False
Is 6552209 composite?
False
Is 4318077 a composite number?
True
Is 1327103 a composite number?
True
Is 476239 a prime number?
False
Is 127368601 a prime number?
True
Is 2830523 prime?
True
Is 2217671 a prime number?
True
Is 2679697 a composite number?
False
Is 160044223 prime?
True
Is 5613599 a composite number?
True
Is 5997571 composite?
False
Is 2780017 a prime number?
False
Is 43777933 a composite number?
False
Is 238697087 composite?
True
Is 6403181 a composite number?
False
Is 5632337 a composite number?
True
Is 1684139642 a composite number?
True
Is 23419531 prime?
True
Is 21293983 composite?
False
Is 11513053 a prime number?
True
Is 12774907 a prime number?
False
Is 16523197 composite?
False
Is 72341317 a composite number?
False
Is 69509261 composite?
False
Is 161265239 prime?
True
Is 496549 composite?
False
Is 16670897 composite?
True
Is 220765071 a composite number?
True
Is 12735865 a prime number?
False
Is 3709907 composite?
False
Is 926741 prime?
True
Is 3600101 a prime number?
False
Is 106791227 a composite number?
False
Is 3855829 a prime number?
True
Is 202282543 a composite number?
True
Is 1614337 a composite number?
True
Is 61132277 composite?
True
Is 729821 a prime number?
True
Is 16997515 a prime number?
False
Is 16028431 prime?
True
Is 116158367 a composite number?
True
Is 93420407 a prime number?
False
Is 24502057 composite?
True
Is 1735655849 a composite number?
False
Is 776198 a composite number?
True
Is 51046759 prime?
True
Is 415231 a composite number?
False
Is 126434449 composite?
False
Is 994549 a prime number?
True
Is 64581014 composite?
True
Is 29081231 a prime number?
True
Is 20845001 a prime number?
False
Is 188865557 prime?
False
Is 71860651 prime?
False
Is 569509 composite?
True
Is 288977 a prime number?
False
Is 203882687 a composite number?
False
Is 137320633 composite?
False
Is 84299297 a prime number?
True
Is 136637791 composite?
False
Is 146609 composite?
False
Is 51025081 prime?
True
Is 28263919 a prime number?
False
Is 3266663 a composite number?
True
Is 9542905 a composite number?
True
Is 220638413 a composite number?
False
Is 307741711 composite?
True
Is 3226631 composite?
False
Is 290201 a composite number?
False
Is 89512823 a composite number?
True
Is 86905909 a prime number?
True
Is 2442612215 composite?
True
Is 17097319 a prime number?
False
Is 617481287 composite?
False
Is 37803 prime?
False
Is 6339889 composite?
True
Is 3798937 composite?
True
Is 54660467 prime?
False
Is 13238177 composite?
False
Is 8286473 composite?
True
Is 3323837 a composite number?
True
Is 48787771 a composite number?
False
Is 3264801 a prime number?
False
Is 65654681 composite?
False
Is 100977011 a composite number?
False
Is 94451771 prime?
False
Is 22218841 prime?
True
Is 168066923 composite?
True
Is 766345 composite?
True
Is 2931781 composite?
True
Is 19139569 a composite number?
True
Is 134066017 a composite number?
False
Is 4577179 prime?
True
Is 321913 composite?
True
Is 309448753 a composite number?
False
Is 51008897 composite?
False
Is 41154959 composite?
False
Is 1018859 a prime number?
True
Is 417497813 a prime number?
False
Is 3971959 a prime number?
False
Is 4286299 composite?
True
Is 26381221 a composite number?
False
Is 136688429 a prime number?
True
Is 1160639 a composite number?
False
Is 12981 a composite number?
True
Is 5639243 prime?
True
Is 24107597 a composite number?
False
Is 32963083 composite?
False
Is 11284571 prime?
True
Is 210311 composite?
True
Is 23132431 a composite number?
True
Is 99812153 composite?
True
Is 75054569 a prime number?
True
Is 977671 composite?
False
Is 605719 a composite number?
False
Is 1816051 composite?
False
Is 38221585 a prime number?
False
Is 65281 prime?
False
Is 126557 prime?
False
Is 10735511 composite?
True
Is 5815597 a prime number?
False
Is 28759 composite?
False
Is 1948643 a prime number?
False
Is 79099477 a prime number?
True
Is 11646571 a composite number?
True
Is 1675181 a prime number?
True
Is 6527789 a composite number?
False
Is 13053917 a prime number?
True
Is 20671597 prime?
False
Is 6928186 composite?
True
Is 32652493 composite?
False
Is 5813831 prime?
False
Is 260443 prime?
False
Is 254936411 composite?
True
Is 4382261 a composite number?
True
Is 162837397 composite?
False
Is 104648623 a prime number?
True
Is 73956187 prime?
True
Is 14212609 a prime number?
False
Is 10227013 a composite number?
True
Is 1040263 prime?
False
Is 8828357 prime?
False
Is 5559209 a composite number?
False
Is 93417 a composite number?
True
Is 143575313 prime?
False
Is 11812063 prime?
True
Is 33902123 a composite number?
False
Is 508001099 composite?
False
Is 1768679 composite?
True
Is 211119569 composite?
True
Is 148145 a prime number?
False
Is 7916053 a composite number?
False
Is 11959593 prime?
False
Is 62761709 a prime number?
True
Is 19833103 composite?
True
Is 169339774 composite?
True
Is 84212941 a prime number?
False
Is 18003841 composite?
False
Is 59928397 composite?
False
Is 3096235 prime?
False
Is 3344713 a prime number?
False
Is 35483449 a prime number?
False
Is 14096447 prime?
False
Is 305840993 a composite number?
False
Is 3426487 a composite number?
Fa